{"id":14,"date":"2024-04-29T18:59:58","date_gmt":"2024-04-29T16:59:58","guid":{"rendered":"http:\/\/ciemonalisaklaxon.com\/?page_id=14"},"modified":"2026-04-16T21:32:01","modified_gmt":"2026-04-16T19:32:01","slug":"creations","status":"publish","type":"page","link":"https:\/\/ciemonalisaklaxon.com\/index.php\/creations\/","title":{"rendered":"Spectacles"},"content":{"rendered":"<div class=\"wp-block-image\">\n<figure class=\"alignleft size-medium is-resized\"><a href=\"https:\/\/ciemonalisaklaxon.com\/index.php\/creations\/les-bonnes-ou-la-tragedie-des-confidentes\/\" target=\"_blank\" rel=\"noreferrer noopener\"><img loading=\"lazy\" decoding=\"async\" width=\"300\" height=\"139\" src=\"https:\/\/ciemonalisaklaxon.com\/wp-content\/uploads\/2024\/05\/Site-MLK_Illustration-Affiche-les-bonnes-300x139.jpg\" alt=\"\" class=\"wp-image-93\" style=\"width:404px;height:auto\" srcset=\"https:\/\/ciemonalisaklaxon.com\/wp-content\/uploads\/2024\/05\/Site-MLK_Illustration-Affiche-les-bonnes-300x139.jpg 300w, https:\/\/ciemonalisaklaxon.com\/wp-content\/uploads\/2024\/05\/Site-MLK_Illustration-Affiche-les-bonnes.jpg 549w\" sizes=\"auto, (max-width: 300px) 100vw, 300px\" \/><\/a><\/figure>\n<\/div>\n\n\n<p><strong>Les Bonnes (ou la trag\u00e9die des confidentes) <\/strong> de Jean Genet<\/p>\n\n\n\n<p>Deux bonnes, s\u0153urs, Madame et un amant d\u00e9nonc\u00e9. Un complot. Amour et d\u00e9samour. Haine et tentatives de meurtre. Une com\u00e9die tragique o\u00f9 Genet d\u00e9nonce la soci\u00e9t\u00e9 bourgeoise et les jeux de&nbsp;pouvoir, interroge les comportements moraux et l\u2019identit\u00e9. Une version jubilatoire de&nbsp;ce classique transport\u00e9 dans l\u2019univers&nbsp;de la F\u00eate des morts au&nbsp;Mexique, travestissement appuy\u00e9 par le masque du clown. &nbsp;<em>Les Bonnes<\/em>&nbsp;est bien un conte moderne \u00e0 la langue cruelle et po\u00e9tique.<\/p>\n\n\n\n<p><\/p>\n\n\n\n<hr class=\"wp-block-separator has-text-color has-accent-2-color has-alpha-channel-opacity has-accent-2-background-color has-background is-style-wide\"\/>\n\n\n<div class=\"wp-block-image\">\n<figure class=\"alignleft size-medium\"><a href=\"https:\/\/ciemonalisaklaxon.com\/index.php\/creations\/billybeille\/\"><img loading=\"lazy\" decoding=\"async\" width=\"300\" height=\"200\" src=\"https:\/\/ciemonalisaklaxon.com\/wp-content\/uploads\/2024\/05\/Billy-neutre-300x200.jpg\" alt=\"\" class=\"wp-image-192\" srcset=\"https:\/\/ciemonalisaklaxon.com\/wp-content\/uploads\/2024\/05\/Billy-neutre-300x200.jpg 300w, https:\/\/ciemonalisaklaxon.com\/wp-content\/uploads\/2024\/05\/Billy-neutre-768x512.jpg 768w, https:\/\/ciemonalisaklaxon.com\/wp-content\/uploads\/2024\/05\/Billy-neutre-450x300.jpg 450w, https:\/\/ciemonalisaklaxon.com\/wp-content\/uploads\/2024\/05\/Billy-neutre.jpg 1024w\" sizes=\"auto, (max-width: 300px) 100vw, 300px\" \/><\/a><\/figure>\n<\/div>\n\n\n<p><strong>Billybeille<\/strong> de Evan Placey<\/p>\n\n\n\n<p>Billy, 10 ans, a une vision d\u00e9cal\u00e9e et distraite du monde. Il a cette \u00e9nergie incontr\u00f4l\u00e9e qui le fait naviguer entre monde r\u00e9el et imaginaire, des mondes habit\u00e9s par les \u00e9motions, les comportements et les perceptions en relation avec son TDAH (Trouble D\u00e9ficit de l\u2019Attention avec ou sans Hyperactivit\u00e9\u0301). Billy se passionne pour les abeilles et prend soin de la ruche de son p\u00e8re, ce qui l\u2019aide \u00e0 s\u2019\u00e9chapper de sa famille et des moments compliqu\u00e9s \u00e0 l\u2019\u00e9cole.<\/p>\n\n\n\n<p><\/p>\n\n\n\n<hr class=\"wp-block-separator has-text-color has-accent-2-color has-alpha-channel-opacity has-accent-2-background-color has-background is-style-wide\"\/>\n\n\n<div class=\"wp-block-image\">\n<figure class=\"alignleft size-medium\"><a href=\"https:\/\/ciemonalisaklaxon.com\/index.php\/creations\/aibalam-2\/\"><img loading=\"lazy\" decoding=\"async\" width=\"300\" height=\"168\" src=\"https:\/\/ciemonalisaklaxon.com\/wp-content\/uploads\/2024\/05\/c-zzzzzcarnaval-376011-3495-1-300x168.png\" alt=\"\" class=\"wp-image-140\" srcset=\"https:\/\/ciemonalisaklaxon.com\/wp-content\/uploads\/2024\/05\/c-zzzzzcarnaval-376011-3495-1-300x168.png 300w, https:\/\/ciemonalisaklaxon.com\/wp-content\/uploads\/2024\/05\/c-zzzzzcarnaval-376011-3495-1-536x300.png 536w, https:\/\/ciemonalisaklaxon.com\/wp-content\/uploads\/2024\/05\/c-zzzzzcarnaval-376011-3495-1.png 750w\" sizes=\"auto, (max-width: 300px) 100vw, 300px\" \/><\/a><\/figure>\n<\/div>\n\n\n<p><strong>Aibalam<\/strong> de Marcos Malavia<\/p>\n\n\n<p>Ange Aibalam, tu as perdu ton regard pos\u00e9 paisiblement dans l\u2019horizon,<br \/>Toi qui croyais tout conna\u00eetre aujourd\u2019hui tu navigues dans les t\u00e9n\u00e8bres Agit\u00e9 par ton c\u0153ur affaibli,<br \/>Par le torrent du fleuve qui jaillit, Avec une puissante vivacit\u00e9<br \/>Tu ne t\u2019attendais pas \u00e0 \u00e7a Aibalam,<br \/>Imprudent o\u00f9 iras-tu reposer ton bateau ivre ?<\/p>\n\n\n<hr class=\"wp-block-separator has-alpha-channel-opacity is-style-wide\"\/>\n\n\n\n<div class=\"wp-block-columns is-layout-flex wp-container-core-columns-is-layout-9d6595d7 wp-block-columns-is-layout-flex\">\n<div class=\"wp-block-column is-layout-flow wp-block-column-is-layout-flow\" style=\"flex-basis:33.33%\">\n<figure class=\"wp-block-image size-large\"><a href=\"https:\/\/ciemonalisaklaxon.com\/index.php\/creations\/rhapsodie-pour-chauve-2\/\"><img loading=\"lazy\" decoding=\"async\" width=\"728\" height=\"1024\" src=\"http:\/\/ciemonalisaklaxon.com\/wp-content\/uploads\/2025\/02\/Affiche-Epee-de-bois_Mars-2025-728x1024.jpg\" alt=\"\" class=\"wp-image-733\" srcset=\"https:\/\/ciemonalisaklaxon.com\/wp-content\/uploads\/2025\/02\/Affiche-Epee-de-bois_Mars-2025-728x1024.jpg 728w, https:\/\/ciemonalisaklaxon.com\/wp-content\/uploads\/2025\/02\/Affiche-Epee-de-bois_Mars-2025-213x300.jpg 213w, https:\/\/ciemonalisaklaxon.com\/wp-content\/uploads\/2025\/02\/Affiche-Epee-de-bois_Mars-2025-768x1080.jpg 768w, https:\/\/ciemonalisaklaxon.com\/wp-content\/uploads\/2025\/02\/Affiche-Epee-de-bois_Mars-2025-1092x1536.jpg 1092w, https:\/\/ciemonalisaklaxon.com\/wp-content\/uploads\/2025\/02\/Affiche-Epee-de-bois_Mars-2025.jpg 1138w\" sizes=\"auto, (max-width: 728px) 100vw, 728px\" \/><\/a><\/figure>\n<\/div>\n\n\n\n<div class=\"wp-block-column is-layout-flow wp-block-column-is-layout-flow\" style=\"flex-basis:66.66%\">\n<p><strong>Rhapsodie pour Chauve<\/strong> de Marcos Malavia<\/p>\n<p>Six \u00e2mes perdues, six clowns en qu\u00eate d\u2019un pass\u00e9 oubli\u00e9.\u00a0Ils \u00e9chouent dans une salle d\u2019attente hors du temps. Leurs m\u00e9moires fissur\u00e9es ne leur permettent ni de se reconna\u00eetre, ni de comprendre o\u00f9 ils ont pu se croiser. Pourtant, quelque chose gronde en eux : cette impression obs\u00e9dante de d\u00e9j\u00e0-vu. Alors, ils cherchent. Ils s\u2019accrochent \u00e0 des fragments d\u2019identit\u00e9, tentent de reconstruire un sens. Mais plus ils avancent, plus la r\u00e9alit\u00e9 se d\u00e9lite. Pepo, l\u2019homme de m\u00e9nage, veille. Impassible il les accompagne dans leurs mensonges et leurs v\u00e9rit\u00e9s.\u00a0<\/p>\n<blockquote>\n<p style=\"text-align: left;\">\u00ab\u00a0Attention, attention, la concierge se trouve\u00a0 Actuellement dans l&rsquo;escalier<br \/>Mais comme elle ne le sait pas<br \/>Vous \u00eates pri\u00e9s de ne pas la d\u00e9ranger\u00a0\u00bb<\/p>\n<p style=\"text-align: left;\">\u00ab\u00a0: Ce matin, quand tu t&rsquo;es regard\u00e9 dans la glace tu ne t&rsquo;es pas vu.<br \/>: C&rsquo;est parce que je n&rsquo;\u00e9tais pas encore l\u00e0&#8230;\u00a0\u00bb<\/p>\n<\/blockquote>\n<\/div>\n<\/div>\n\n\n\n<hr class=\"wp-block-separator has-alpha-channel-opacity\"\/>\n\n\n\n<div class=\"wp-block-columns is-layout-flex wp-container-core-columns-is-layout-9d6595d7 wp-block-columns-is-layout-flex\">\n<div class=\"wp-block-column is-layout-flow wp-block-column-is-layout-flow\" style=\"flex-basis:33.33%\">\n<figure class=\"wp-block-image size-large\"><img loading=\"lazy\" decoding=\"async\" width=\"1024\" height=\"950\" src=\"https:\/\/ciemonalisaklaxon.com\/wp-content\/uploads\/2026\/04\/marcos-malavia-home-affiche-1024x950.jpg\" alt=\"\" class=\"wp-image-1009\" srcset=\"https:\/\/ciemonalisaklaxon.com\/wp-content\/uploads\/2026\/04\/marcos-malavia-home-affiche-1024x950.jpg 1024w, https:\/\/ciemonalisaklaxon.com\/wp-content\/uploads\/2026\/04\/marcos-malavia-home-affiche-300x278.jpg 300w, https:\/\/ciemonalisaklaxon.com\/wp-content\/uploads\/2026\/04\/marcos-malavia-home-affiche-768x712.jpg 768w, https:\/\/ciemonalisaklaxon.com\/wp-content\/uploads\/2026\/04\/marcos-malavia-home-affiche-324x300.jpg 324w, https:\/\/ciemonalisaklaxon.com\/wp-content\/uploads\/2026\/04\/marcos-malavia-home-affiche.jpg 1128w\" sizes=\"auto, (max-width: 1024px) 100vw, 1024px\" \/><\/figure>\n<\/div>\n\n\n\n<div class=\"wp-block-column is-layout-flow wp-block-column-is-layout-flow\" style=\"flex-basis:66.66%\">\n<p><strong>Miroir d&rsquo;un Naufrag\u00e9<\/strong> de Marcos Malavia<\/p>\n\n\n\n<p>Trois Blaise sont enferm\u00e9s dans un lieu qui pourrait bien symboliser leur propre psych\u00e9. Et si ces trois personnages n\u2019\u00e9taient en r\u00e9alit\u00e9 que les fragments d\u2019un seul esprit ?<br>Au fil de leur dialogue, se r\u00e9v\u00e8lent peu \u00e0 peu trois dimensions fondamentales du monde int\u00e9rieur, trois voix qui cohabitent, s\u2019interrogent, se heurtent. Tous les trois attendent l\u2019arriv\u00e9e d\u2019un visiteur, perturbateur ou messager, il pourrait bien \u00eatre le guide vers la compr\u00e9hension de l\u2019enfermement&#8230; et peut-\u00eatre, vers une lib\u00e9ration.<\/p>\n<\/div>\n<\/div>\n","protected":false},"excerpt":{"rendered":"<p>Les Bonnes (ou la trag\u00e9die des confidentes) de Jean Genet Deux bonnes, s\u0153urs, Madame et un amant d\u00e9nonc\u00e9. Un complot. Amour et d\u00e9samour. Haine et &hellip;<\/p>\n","protected":false},"author":1,"featured_media":0,"parent":0,"menu_order":0,"comment_status":"closed","ping_status":"closed","template":"","meta":{"footnotes":""},"class_list":["post-14","page","type-page","status-publish","hentry"],"_links":{"self":[{"href":"https:\/\/ciemonalisaklaxon.com\/index.php\/wp-json\/wp\/v2\/pages\/14","targetHints":{"allow":["GET"]}}],"collection":[{"href":"https:\/\/ciemonalisaklaxon.com\/index.php\/wp-json\/wp\/v2\/pages"}],"about":[{"href":"https:\/\/ciemonalisaklaxon.com\/index.php\/wp-json\/wp\/v2\/types\/page"}],"author":[{"embeddable":true,"href":"https:\/\/ciemonalisaklaxon.com\/index.php\/wp-json\/wp\/v2\/users\/1"}],"replies":[{"embeddable":true,"href":"https:\/\/ciemonalisaklaxon.com\/index.php\/wp-json\/wp\/v2\/comments?post=14"}],"version-history":[{"count":25,"href":"https:\/\/ciemonalisaklaxon.com\/index.php\/wp-json\/wp\/v2\/pages\/14\/revisions"}],"predecessor-version":[{"id":1010,"href":"https:\/\/ciemonalisaklaxon.com\/index.php\/wp-json\/wp\/v2\/pages\/14\/revisions\/1010"}],"wp:attachment":[{"href":"https:\/\/ciemonalisaklaxon.com\/index.php\/wp-json\/wp\/v2\/media?parent=14"}],"curies":[{"name":"wp","href":"https:\/\/api.w.org\/{rel}","templated":true}]}}