{"id":105,"date":"2024-05-01T20:49:46","date_gmt":"2024-05-01T18:49:46","guid":{"rendered":"https:\/\/ciemonalisaklaxon.com\/?page_id=105"},"modified":"2024-06-19T16:33:52","modified_gmt":"2024-06-19T14:33:52","slug":"la-compagnie","status":"publish","type":"page","link":"https:\/\/ciemonalisaklaxon.com\/index.php\/la-compagnie\/","title":{"rendered":"La compagnie"},"content":{"rendered":"\n<p>La Compagnie Mona Lisa Klaxon a \u00e9t\u00e9 cr\u00e9\u00e9e dans les Hauts de France au printemps 2019, sous l\u2019impulsion d\u2019anciens membres du labo art\u2019m du th\u00e9\u00e2tre El Duende. C\u2019est un collectif de com\u00e9diens professionnels ayant un v\u00e9cu commun depuis plusieurs ann\u00e9es.<\/p>\n\n\n\n<p>L\u2019axe de recherche de la compagnie\u00a0se situe autour du courage, de l&rsquo; humour, de la provocation, du travestissement de masques, comment faire&#8230; pour valoriser le courage&#8230; Agnes Varda et Jacques Higelin pour guides.\u00a0(Sa devise: la vie est dure, il manquerait plus qu&rsquo;elle soit molle.)<\/p>\n\n\n\n<p>Nous cherchons vers un th\u00e9\u00e2tre qui est un appel \u00e0 vivre, \u00e0 aimer regarder le monde en face pour mieux s&rsquo;y inscrire et trouver sa place. Ce sont des \u00e9critures qui \u00e9veillent tous les sens, d\u00e9cuplent \u00e0 travers les mots notre fa\u00e7on d&rsquo;\u00eatre pr\u00e9sents au monde et \u00e0 nous m\u00eame.&nbsp;Par le d\u00e9tour du simulacre renvoyer au r\u00e9\u00e9l&nbsp;avec une plus grande capacit\u00e9 \u00e0 vivre, \u00e0 agir et \u00e0 se penser comme sujet et citoyen de la terre.<\/p>\n\n\n\n<p>En parall\u00e8le, la Compagnie Mona Lisa Klaxon travaille \u00e0 la construction de plusieurs projets d\u2019actions culturelles et d\u2019ateliers de masque de clowns en partenariat avec le th\u00e9\u00e2tre El Duende et d\u00e9veloppe \u00e9galement le Th\u00e9\u00e2tre du V\u00e9cu, un processus th\u00e9\u00e2tral au service des patients chroniques. Il s\u2019agit de permettre aux patients d\u2019exprimer et de partage leur v\u00e9cu \u00e9motionnel face \u00e0 la maladie, un accompagnement artistique pour les aider \u00e0 mieux g\u00e9rer leur maladie.<\/p>\n\n\n\n<p><\/p>\n\n\n\n<hr class=\"wp-block-separator has-alpha-channel-opacity\"\/>\n\n\n\n<h1 class=\"wp-block-heading has-text-align-center\">L&rsquo;\u00e9quipe<\/h1>\n\n\n<div class=\"tmm tmm_lequipe\"><div class=\"tmm_3_columns tmm_wrap tmm_plugin_f\"><span class=\"tmm_two_containers_tablet\"><\/span><div class=\"tmm_container\"><div class=\"tmm_member\" style=\"border-top:#333333 solid 5px;\"><a target=\"_blank\" rel=\"noopener noreferrer\" href=\"https:\/\/ciemonalisaklaxon.com\/index.php\/amelie-dumetz\/\" title=\"Am\u00e9lie Dumetz\"><div class=\"tmm_photo tmm_pic_lequipe_0\" style=\"background: url(http:\/\/ciemonalisaklaxon.com\/wp-content\/uploads\/2024\/05\/art-money-705231_1920.jpg); margin-left: auto; margin-right:auto; background-size:cover !important;\"><\/div><\/a><div class=\"tmm_textblock\"><div class=\"tmm_names\"><span class=\"tmm_fname\">Am\u00e9lie<\/span> <span class=\"tmm_lname\">Dumetz<\/span><\/div><div class=\"tmm_job\">COM\u00c9DIENNE, METTEUSE EN SC\u00c8NE<\/div><div class=\"tmm_scblock\"><\/div><\/div><\/div><div class=\"tmm_member\" style=\"border-top:#333333 solid 5px;\"><a target=\"_blank\" rel=\"noopener noreferrer\" href=\"https:\/\/ciemonalisaklaxon.com\/index.php\/maia-riviere\/\" title=\"Ma\u00efa Rivi\u00e8re\"><div class=\"tmm_photo tmm_pic_lequipe_1\" style=\"background: url(http:\/\/ciemonalisaklaxon.com\/wp-content\/uploads\/2024\/05\/tarot-221199_1920.jpg); margin-left: auto; margin-right:auto; background-size:cover !important;\"><\/div><\/a><div class=\"tmm_textblock\"><div class=\"tmm_names\"><span class=\"tmm_fname\">Ma\u00efa<\/span> <span class=\"tmm_lname\">Rivi\u00e8re<\/span><\/div><div class=\"tmm_job\">COM\u00c9DIENNE<\/div><div class=\"tmm_scblock\"><\/div><\/div><\/div><span class=\"tmm_two_containers_tablet\"><\/span><div class=\"tmm_member\" style=\"border-top:#333333 solid 5px;\"><a target=\"_blank\" rel=\"noopener noreferrer\" href=\"https:\/\/ciemonalisaklaxon.com\/index.php\/marcos-malavia\/\" title=\"Marcos Malavia\"><div class=\"tmm_photo tmm_pic_lequipe_2\" style=\"background: url(http:\/\/ciemonalisaklaxon.com\/wp-content\/uploads\/2024\/05\/Site-MLK_Marcos.jpg); margin-left: auto; margin-right:auto; background-size:cover !important;\"><\/div><\/a><div class=\"tmm_textblock\"><div class=\"tmm_names\"><span class=\"tmm_fname\">Marcos<\/span> <span class=\"tmm_lname\">Malavia<\/span><\/div><div class=\"tmm_job\">METTEUR EN SCENE, COMEDIEN<\/div><div class=\"tmm_scblock\"><\/div><\/div><\/div><\/div><span class=\"tmm_columns_containers_desktop\"><\/span><div class=\"tmm_container\"><div class=\"tmm_member\" style=\"border-top:#333333 solid 5px;\"><a target=\"_blank\" rel=\"noopener noreferrer\" href=\"https:\/\/ciemonalisaklaxon.com\/index.php\/erick-priano\/\" title=\"Erick Priano\"><div class=\"tmm_photo tmm_pic_lequipe_3\" style=\"background: url(http:\/\/ciemonalisaklaxon.com\/wp-content\/uploads\/2024\/05\/skeleton-2737867_1920.jpg); margin-left: auto; margin-right:auto; background-size:cover !important;\"><\/div><\/a><div class=\"tmm_textblock\"><div class=\"tmm_names\"><span class=\"tmm_fname\">Erick<\/span> <span class=\"tmm_lname\">Priano<\/span><\/div><div class=\"tmm_job\">CREATEUR LUMIERES, SCENOGRAPHE<\/div><div class=\"tmm_scblock\"><\/div><\/div><\/div><span class=\"tmm_two_containers_tablet\"><\/span><div class=\"tmm_member\" style=\"border-top:#333333 solid 5px;\"><a target=\"_blank\" rel=\"noopener noreferrer\" href=\"https:\/\/ciemonalisaklaxon.com\/index.php\/victor-quezada-perez\/\" title=\"Victor QUEZADA-PEREZ\"><div class=\"tmm_photo tmm_pic_lequipe_4\" style=\"background: url(http:\/\/ciemonalisaklaxon.com\/wp-content\/uploads\/2024\/05\/photographer-1702074_1920.jpg); margin-left: auto; margin-right:auto; background-size:cover !important;\"><\/div><\/a><div class=\"tmm_textblock\"><div class=\"tmm_names\"><span class=\"tmm_fname\">Victor<\/span> <span class=\"tmm_lname\">QUEZADA-PEREZ<\/span><\/div><div class=\"tmm_job\">COMEDIEN<\/div><div class=\"tmm_scblock\"><\/div><\/div><\/div><div class=\"tmm_member\" style=\"border-top:#333333 solid 5px;\"><a target=\"_blank\" rel=\"noopener noreferrer\" href=\"https:\/\/ciemonalisaklaxon.com\/index.php\/kinga-kozakowska\/\" title=\"Kinga KOZAKOWSKA\"><div class=\"tmm_photo tmm_pic_lequipe_5\" style=\"background: url(http:\/\/ciemonalisaklaxon.com\/wp-content\/uploads\/2024\/05\/mirrors-72634_1920.jpg); margin-left: auto; margin-right:auto; background-size:cover !important;\"><\/div><\/a><div class=\"tmm_textblock\"><div class=\"tmm_names\"><span class=\"tmm_fname\">Kinga<\/span> <span class=\"tmm_lname\">KOZAKOWSKA<\/span><\/div><div class=\"tmm_job\">COSTUMIERE<\/div><div class=\"tmm_scblock\"><\/div><\/div><\/div><span class=\"tmm_two_containers_tablet\"><\/span><\/div><span class=\"tmm_columns_containers_desktop\"><\/span><div class=\"tmm_container\"><div class=\"tmm_member\" style=\"border-top:#333333 solid 5px;\"><a target=\"_blank\" rel=\"noopener noreferrer\" href=\"https:\/\/ciemonalisaklaxon.com\/index.php\/justine-gaucherand\/\" title=\"Justine GAUCHERAND\"><div class=\"tmm_photo tmm_pic_lequipe_6\" style=\"background: url(http:\/\/ciemonalisaklaxon.com\/wp-content\/uploads\/2024\/05\/kermit-1784902_1920.jpg); margin-left: auto; margin-right:auto; background-size:cover !important;\"><\/div><\/a><div class=\"tmm_textblock\"><div class=\"tmm_names\"><span class=\"tmm_fname\">Justine<\/span> <span class=\"tmm_lname\">GAUCHERAND<\/span><\/div><div class=\"tmm_job\">COMPOSITRICE -MUSICIENNE ET CHANTEUSE<\/div><div class=\"tmm_scblock\"><\/div><\/div><\/div><div class=\"tmm_member\" style=\"border-top:#333333 solid 5px;\"><a target=\"_blank\" rel=\"noopener noreferrer\" href=\"https:\/\/ciemonalisaklaxon.com\/index.php\/lucile-hours\/\" title=\"Lucile HOURS\"><div class=\"tmm_photo tmm_pic_lequipe_7\" style=\"background: url(http:\/\/ciemonalisaklaxon.com\/wp-content\/uploads\/2024\/05\/wonder-woman-1016324_1920.jpg); margin-left: auto; margin-right:auto; background-size:cover !important;\"><\/div><\/a><div class=\"tmm_textblock\"><div class=\"tmm_names\"><span class=\"tmm_fname\">Lucile<\/span> <span class=\"tmm_lname\">HOURS<\/span><\/div><div class=\"tmm_job\">DECORATRICE<\/div><div class=\"tmm_scblock\"><\/div><\/div><\/div><span class=\"tmm_two_containers_tablet\"><\/span><div class=\"tmm_member\" style=\"border-top:#333333 solid 5px;\"><a target=\"_blank\" rel=\"noopener noreferrer\" href=\"https:\/\/ciemonalisaklaxon.com\/index.php\/antoine-lemaire\/\" title=\"Antone LEMAIRE\"><div class=\"tmm_photo tmm_pic_lequipe_8\" style=\"background: url(http:\/\/ciemonalisaklaxon.com\/wp-content\/uploads\/2024\/05\/star-wars-1724901_1920.jpg); margin-left: auto; margin-right:auto; background-size:cover !important;\"><\/div><\/a><div class=\"tmm_textblock\"><div class=\"tmm_names\"><span class=\"tmm_fname\">Antone<\/span> <span class=\"tmm_lname\">LEMAIRE<\/span><\/div><div class=\"tmm_job\">COMEDIEN<\/div><div class=\"tmm_scblock\"><\/div><\/div><\/div><div style=\"clear:both;\"><\/div><\/div><\/div><\/div>\n\n\n\n<p><\/p>\n","protected":false},"excerpt":{"rendered":"<p>La Compagnie Mona Lisa Klaxon a \u00e9t\u00e9 cr\u00e9\u00e9e dans les Hauts de France au printemps 2019, sous l\u2019impulsion d\u2019anciens membres du labo art\u2019m du th\u00e9\u00e2tre &hellip;<\/p>\n","protected":false},"author":1,"featured_media":0,"parent":0,"menu_order":0,"comment_status":"closed","ping_status":"closed","template":"plus-templates\/template-portfolio.php","meta":{"footnotes":""},"class_list":["post-105","page","type-page","status-publish","hentry"],"_links":{"self":[{"href":"https:\/\/ciemonalisaklaxon.com\/index.php\/wp-json\/wp\/v2\/pages\/105","targetHints":{"allow":["GET"]}}],"collection":[{"href":"https:\/\/ciemonalisaklaxon.com\/index.php\/wp-json\/wp\/v2\/pages"}],"about":[{"href":"https:\/\/ciemonalisaklaxon.com\/index.php\/wp-json\/wp\/v2\/types\/page"}],"author":[{"embeddable":true,"href":"https:\/\/ciemonalisaklaxon.com\/index.php\/wp-json\/wp\/v2\/users\/1"}],"replies":[{"embeddable":true,"href":"https:\/\/ciemonalisaklaxon.com\/index.php\/wp-json\/wp\/v2\/comments?post=105"}],"version-history":[{"count":18,"href":"https:\/\/ciemonalisaklaxon.com\/index.php\/wp-json\/wp\/v2\/pages\/105\/revisions"}],"predecessor-version":[{"id":649,"href":"https:\/\/ciemonalisaklaxon.com\/index.php\/wp-json\/wp\/v2\/pages\/105\/revisions\/649"}],"wp:attachment":[{"href":"https:\/\/ciemonalisaklaxon.com\/index.php\/wp-json\/wp\/v2\/media?parent=105"}],"curies":[{"name":"wp","href":"https:\/\/api.w.org\/{rel}","templated":true}]}}